est common divisor of r and 1962?
18
Suppose -15*i + 13 = 433. Let t be (-1 - -13)*(-63)/i. Suppose -t = -15*n + 138. Calculate the highest common divisor of 99 and n.
11
Suppose 5*v - p - 16 = 0, -2*v - 5*p - 2 = -3. Suppose 17*k - v*k - 126 = 0. Calculate the highest common divisor of k and 27.
9
Let d(n) = n**2 - 15*n + 13. Let w be d(17). Let i = w - 31. Calculate the greatest common divisor of i and 56.
8
Suppose 4*u - 94 = -2*r + 9*u, -60 = -r - 4*u. Let j(v) = -1076*v - 10721. Let i be j(-10). What is the greatest common divisor of r and i?
13
Let u be (-76 + (7 - 25))/((-3)/696*2). What is the greatest common factor of u and 696?
232
Suppose 37325 = 115*d + 14900. Calculate the greatest common divisor of 2895 and d.
15
Let f be (-14 + -594)/8*4/(-8). Calculate the greatest common factor of f and 4313.
19
Suppose -837*h + 828*h + 198 = 0. Calculate the greatest common factor of h and 9482.
22
Let t = 405 - 379. Suppose z - 2*s = 188, 4*s - 5*s = -2*z + 361. Let f = 308 - z. What is the greatest common factor of f and t?
26
Let v(j) = 6*j**2 - 41*j - 198. Let k be v(-6). What is the highest common factor of 24 and k?
24
Let l(k) be the second derivative of k**3/6 + 25*k**2/2 + k. Let v = -2868 + 2856. Let n be l(v). Calculate the greatest common factor of n and 169.
13
Let c be ((-6)/21)/(35/(-10535)). What is the highest common factor of c and 30?
2
Suppose -2*k = -0*k - 6*k. Suppose 17*x - 16*x - 36 = k. Suppose -8*l - 24 + 72 = 0. Calculate the greatest common divisor of x and l.
6
Let i(q) = q + 13. Let s be i(-6). Let o be (-2 - 23)/(6 - s) + -1. Let k(l) = l**2 - 6*l + 8. Let a be k(6). Calculate the greatest common factor of a and o.
8
Let c(j) = -62*j + 7580. Let m be c(7). What is the highest common divisor of m and 72?
18
Suppose -3*k = 2*k - 940. Let a = k - 165. Calculate the highest common factor of 161 and a.
23
Let l = -4 + 11. Suppose -11*g = -l*g - 124. Let u(d) = -d**3 + 54*d**2 - 50*d - 128. Let x be u(53). Calculate the greatest common factor of x and g.
31
Let f = 1100 + -392. Suppose -11*t + f = -150. What is the greatest common divisor of t and 182?
26
Let y(r) = 56*r - 3*r**2 - 1224 + 1577 + 4*r**2. Let c be y(-7). What is the greatest common divisor of 15 and c?
5
Let m be ((-14)/(-21))/((-2)/48). Let a be 12/m - 30/(-8). Suppose -t - 138 = -3*g, a*g + 2*g = -4*t + 230. Calculate the greatest common factor of 115 and g.
23
Let l = -2072 + 2168. Calculate the greatest common factor of 696 and l.
24
Let h be (-2)/(-7) + -1772*3/(-14) + -11. Calculate the greatest common factor of 1968 and h.
123
Suppose 4*y + 49 = 5*y. Suppose 13*b - 1367 - 388 = 0. Suppose y*i = 44*i + b. Calculate the highest common divisor of i and 54.
27
Let n = 790 - 580. Let t = -7 + 21. What is the highest common factor of t and n?
14
Let f(j) = 887*j**2 - 36*j + 5. Let r be f(-2). Calculate the greatest common divisor of 29 and r.
29
Suppose 4*r = -d - d + 34708, -d + 3*r = -17399. Calculate the greatest common factor of d and 303.
101
Let f(l) = -53*l - 1675. Let o be f(-35). Calculate the greatest common divisor of 14580 and o.
180
Suppose -42 = 6*d - 4*d. Let w be ((-28)/d)/((-2)/(-42)). Let c = w + 112. Calculate the highest common factor of c and 20.
20
Let f be (-294)/1176 + (-5)/(-4). What is the greatest common divisor of 653 and f?
1
Let b = -6008 + 6148. Calculate the greatest common divisor of b and 308.
28
Let o(v) = 3*v**2 - 121*v + 419. Let f be o(37). Let i = -7 - -21. Calculate the highest common factor of f and i.
7
Let y(t) = 12*t + 0 - 8*t + 2 - 20*t. Let i be y(-2). Suppose -4*o - i = -286. Calculate the greatest common factor of o and 9.
9
Suppose -45 = -a - w, 2*w + 13 - 5 = 0. Let d = -43 + a. Let l be 27/(-4)*-2*d. What is the highest common factor of l and 9?
9
Let m be (0 - 2)*(-211)/2. Let y = 414 - m. Let a be -3 + 1 + 0 + (-31)/(-1). Calculate the greatest common factor of y and a.
29
Let q(s) = s**3 - 16*s**2 + 5*s - 88. Let n be q(21). Calculate the greatest common factor of 1010 and n.
202
Let k(b) = -b**3 + 4*b**2 - b. Let j be k(4). Let g be ((-2)/3)/(j/114). Let m = 34725 - 34687. What is the highest common divisor of m and g?
19
Let a(u) = -u**2 + 4*u + 89. Let t be a(-13). Let b be 2*(-9)/42 + t/(-14). Calculate the greatest common divisor of 33 and b.
3
Let p(v) = -45*v - 48. Let f be p(-3). Let k = -42 + f. What is the highest common factor of 60 and k?
15
Let a = -36 + 38. Suppose a*m - 84 = 3*j, 148 = 2*m + 2*m + 4*j. What is the greatest common factor of 13 and m?
13
Let t be 1 + 13 + 601 + 6. What is the greatest common divisor of t and 253?
23
Let y(l) = 9*l**2 + 211*l - 1948. Let r be y(9). Calculate the highest common factor of r and 640.
40
Suppose -6 = -3*u, -3*u + 178 = -3*x - 4*u. Let d = 95 + x. Let s(o) = -12*o - 5. Let z be s(-15). What is the greatest common factor of z and d?
35
Suppose 3*k = 4*q - 8875, -4*q + 283 = 5*k - 8520. Calculate the greatest common factor of 56 and q.
28
Suppose 0 = -3*z - i + 166, z - 2 = 2*i + 44. What is the highest common factor of 3834 and z?
54
Suppose -b - 1478 = -5*k + 444, 2*k - 4*b = 758. Calculate the highest common divisor of 990 and k.
55
Suppose -55*x + 41857 = -39763. What is the greatest common factor of x and 308?
28
Suppose -3*j = -3*v + 129, 10*v = 5*v + j + 235. Suppose -2*w + 3*t - 7*t + v = 0, -5*w - 3*t = -120. What is the greatest common factor of w and 10?
2
Suppose -15*u = 1072 + 3263. Let g = -263 - u. Let x = -30 + 43. What is the greatest common divisor of x and g?
13
Let u be 13 + (5 - (-132)/(-11)). Calculate the highest common divisor of u and 118.
2
Suppose -294*p + 4060205 = 101*p. Calculate the greatest common factor of 76 and p.
19
Let s be -1 + 15/12 + (-11600)/64. Let w = s - -199. Calculate the greatest common divisor of w and 12.
6
Suppose -7*a = -29*a - 0*a + 1232. Calculate the greatest common factor of a and 812.
28
Let g(w) = w**3 + 5*w**2 + 3*w. Let z be g(-2). Suppose z*y + 3744 = 30*y. What is the greatest common factor of 12 and y?
12
Suppose c + 7 - 10 = 0. Suppose -5*q - 4*p - 130 = 0, -3*p = c*q - 4*q - 45. Let w be ((-6)/q*5)/(2/64). What is the highest common factor of w and 256?
32
Let a = 40 - 36. Suppose -2*s = a*j + s + 154, -2*j = -2*s + 84. Let o = 36 - j. What is the greatest common divisor of o and 19?
19
Suppose 2*r - 75 = 5*j, 3*r - j - 118 = j. Suppose -5*o = 4*w - 257 + 53, w = 5*o + 76. Let b be w/6 - 100/75. Calculate the highest common divisor of b and r.
8
Suppose 4*o - 1488 = -3*p + 5*p, 0 = -5*p + 20. Suppose -7*i + o = -4*i - 4*h, -16 = -4*h. Calculate the highest common divisor of i and 30.
10
Let m = -175 - -177. Suppose 99 = m*a - 45. What is the highest common divisor of a and 54?
18
Suppose -4*g - 4 = -40. Let m(r) = -4*r**3 + 62*r**2 - 84*r + 21. Let s be m(14). Calculate the highest common factor of s and g.
3
Let f be ((-140)/(-315))/(-3 + (-1894)/(-630)). What is the highest common factor of 30 and f?
10
Let s = 34 - 10. Suppose 3*l + 373 = 5*c + 109, 2*l - 384 = -6*c. Calculate the greatest common factor of c and s.
12
Let f be 3 + -3*(-3 - -4)/(-3). Suppose -29 = 5*x + 4*b, -4*x - 16 = -f*b - 0*b. Let n be (-59)/x + 1/5. What is the highest common divisor of 96 and n?
12
Suppose 3244*q - 3239*q - 13620 = 0. Calculate the highest common factor of 48 and q.
12
Let q(w) = 12*w**2 - 10*w - 14. Suppose -4*f - 12 = 0, f + 5 = v + 7. Let x be q(v). What is the highest common divisor of 24 and x?
24
Let d(a) = 9*a**2 - 24*a - 118. Let i be d(-20). What is the highest common factor of i and 28?
14
Suppose -7*c = c - 2176. Let j = 297 - c. What is the highest common factor of 25 and j?
25
Let g(j) = j**2 - 30*j + 205. Let a be g(20). Suppose a*t - t = 164. Let n = -295 + 459. Calculate the highest common factor of t and n.
41
Suppose 305*v = 775286 + 2974168 - 456979. Calculate the greatest common divisor of 170 and v.
85
Suppose 7*m + 47 = 187. Let x(q) = -3*q**3 + 24*q**2 + 18*q - 104. Let r be x(6). Calculate the highest common divisor of r and m.
20
Let l = -14 + 17. Suppose -42 = -3*w + 6*x - 3*x, -l*x = -5*w + 62. Suppose 42*r = 38*r + 16. What is the greatest common factor of r and w?
2
Let n = -27 - 50. Let p be n/22*-3*2. What is the highest common factor of p and 672?
21
Le